s 11927 + -2?
11925
In base 8, what is -115707 + -5?
-115714
In base 11, what is 1a1887 - 6?
1a1881
In base 14, what is 2 - -6d84?
6d86
In base 5, what is 1204414 - -12?
1204431
In base 12, what is 40 - -2b933?
2b973
In base 2, what is -101 - 111111100000101110?
-111111100000110011
In base 10, what is -48 + 182?
134
In base 8, what is -10222002 + -5?
-10222007
In base 9, what is -12 - 5820?
-5832
In base 12, what is 4b5125 - 1?
4b5124
In base 10, what is -130403 + 0?
-130403
In base 13, what is -28 + 16c68?
16c40
In base 5, what is 20 + -323113?
-323043
In base 13, what is -18aa - -136?
-1774
In base 13, what is -1 - -54867?
54866
In base 14, what is -3 - -98aa?
98a7
In base 10, what is -21797 + 4?
-21793
In base 11, what is -4189 + 101?
-4088
In base 2, what is 110111000011001 - 101?
110111000010100
In base 13, what is 3b + -318?
-2aa
In base 6, what is -10 + -1545131?
-1545141
In base 15, what is 39444 - 5?
3943e
In base 4, what is 10002 + 30132?
100200
In base 8, what is -2143331 + 1?
-2143330
In base 6, what is 5 + -114205?
-114200
In base 4, what is -23032 - 1130331?
-1220023
In base 5, what is 1344130 + -14?
1344111
In base 3, what is 11002211020 + 11?
11002211101
In base 10, what is -5 + 93459?
93454
In base 11, what is 1aa42 + 15a?
200a1
In base 8, what is -472632 - -1?
-472631
In base 9, what is -31172 + 12?
-31160
In base 16, what is 10 + 3a?
4a
In base 6, what is 23 + -25450?
-25423
In base 9, what is 2 - -408067?
408070
In base 3, what is 11000 - 120021220?
-120010220
In base 13, what is -1 - -720b?
720a
In base 13, what is -1657 + -3?
-165a
In base 9, what is 4631087 + -3?
4631084
In base 15, what is -7425 - 1?
-7426
In base 3, what is -2102 + -110001200?
-110011002
In base 7, what is 2 - 101313?
-101311
In base 16, what is 1d + 7c98?
7cb5
In base 10, what is -16593 + -85?
-16678
In base 14, what is -57 + -64ba?
-6533
In base 15, what is 41 - -56c0?
5711
In base 8, what is 13 + 32320?
32333
In base 8, what is 463046 - 0?
463046
In base 11, what is 1212 + 275?
1487
In base 5, what is 2 + 143321132?
143321134
In base 6, what is -25 - -10102?
10033
In base 11, what is -160 + -1748?
-18a8
In base 15, what is 201d + -26?
1ee7
In base 2, what is -1001 - 10011000?
-10100001
In base 13, what is 23c1 - 110?
22b1
In base 7, what is -160562 - -23?
-160536
In base 2, what is 10010101110101 + 101?
10010101111010
In base 12, what is 9a7069 + 4?
9a7071
In base 3, what is 1 - 120110001?
-120110000
In base 11, what is 2a4a74 - 2?
2a4a72
In base 16, what is -28b00 - -1?
-28aff
In base 14, what is 2 - -575c2?
575c4
In base 10, what is 535 - -417?
952
In base 7, what is -23 - -164201?
164145
In base 5, what is 13 - -2444?
3012
In base 7, what is -13104 + 306?
-12465
In base 11, what is 19117 + 5?
19121
In base 16, what is -609 - -58?
-5b1
In base 11, what is 526 - a24?
-4a9
In base 13, what is -647 - -4b9?
-15b
In base 8, what is -130 - -1173?
1043
In base 7, what is 24543 - 456?
24054
In base 8, what is 52 - -6612?
6664
In base 15, what is 600abe + -4?
600aba
In base 13, what is 2493 + -3c3?
20a0
In base 15, what is e6 + -22a?
-134
In base 16, what is 1b24 - -3?
1b27
In base 11, what is 548 - -203?
750
In base 15, what is -14d0a + 2?
-14d08
In base 15, what is b10e3 - 3?
b10e0
In base 10, what is 24279 - 20?
24259
In base 8, what is 151 - 1072?
-721
In base 5, what is 4424 + -1324?
3100
In base 15, what is -2c - 2d00?
-2d2c
In base 15, what is -50 - 403?
-453
In base 13, what is -b1 + -202?
-2b3
In base 11, what is 154 + 321?
475
In base 13, what is -29 + 4cb?
4a2
In base 5, what is -13311 + -102130?
-120441
In base 14, what is 1 + 1d380?
1d381
In base 16, what is -147 - -278?
131
In base 2, what is -1011000 + 110010?
-100110
In base 11, what is 33 + 2a5?
328
In base 11, what is 58 + -13?
45
In base 12, what is -4 + -40947?
-4094b
In base 11, what is 5 - -1617?
1621
In base 11, what is 191718 - 3?
191715
In base 12, what is -3 - b8179?
-b8180
In base 7, what is -11120 - -103?
-11014
In base 5, what is -4 - 2402113?
-2402122
In base 15, what is -8d0 - 4c?
-92c
In base 13, what is -22 + 3233?
3211
In base 12, what is 583 - b5?
48a
In base 7, what is 1 - -104604?
104605
In base 7, what is -101 - -122?
21
In base 16, what is 2719c0 + -4?
2719bc
In base 3, what is -2001021211221 + 1?
-2001021211220
In base 5, what is 1 + 442012011?
442012012
In base 6, what is 224541 + 1?
224542
In base 16, what is 10 + -26b5?
-26a5
In base 9, what is 0 + 24540?
24540
In base 11, what is -4239 + 868?
-3481
In base 12, what is -29 + -72b?
-758
In base 10, what is 43 - -4110?
4153
In base 3, what is 200 - -222102212?
222110112
In base 2, what is 10 - 10110101000100111?
-10110101000100101
In base 10, what is -19 - 53768?
-53787
In base 10, what is -1453 + -44?
-1497
In base 16, what is -5ac2 - e7?
-5ba9
In base 10, what is 5 + -649342?
-649337
In base 13, what is 1b + 1b15?
1b33
In base 6, what is -140123 - -143?
-135540
In base 9, what is 6 + 72183?
72200
In base 7, what is 32204220 + -3?
32204214
In base 10, what is 217 + -6506?
-6289
In base 14, what is -7319 - -47?
-72b2
In base 9, what is -22261 - -5?
-22255
In base 12, what is a5 + -1508?
-1423
In base 12, what is -333 - -56?
-299
In base 16, what is -49 - -99da?
9991
In base 2, what is -11001100 + 1001?
-11000011
In base 2, what is -111001001100 + -10111?
-111001100011
In base 11, what is 14837 - 3?
14834
In base 4, what is 3220 - 101?
3113
In base 3, what is 12011120101 + 11?
12011120112
In base 2, what is -10011010 + 10010101011?
10000010001
In base 16, what is -3 - -44933?
44930
In base 8, what is -36603 - -41?
-36542
In base 7, what is 222516 + -3?
222513
In base 5, what is 10 + 2211402?
2211412
In base 15, what is -4be1b - 1?
-4be1c
In base 4, what is 11 - 213313320?
-213313303
In base 8, what is 65 - -203324?
203411
In base 3, what is -10 + -100201012111?
-100201012121
In base 5, what is 11311030 - 2?
11311023
In base 8, what is 20556 - -171?
20747
In base 9, what is -12107 - -11?
-12086
In base 7, what is -5 + 1225354?
1225346
In base 2, what is -100 - -1000000110111100?
1000000110111000
In base 11, what is -a + 60410?
60401
In base 10, what is 186385 - 0?
186385
In base 16, what is 4 + 1122a1?
1122a5
In base 7, what is -26206 + 325?
-25551
In base 11, what is 1 - 3464?
-3463
In base 15, what is -124 - 111?
-235
In base 14, what is -1953c + -4?
-19542
In base 4, what is -111131 - -21101?
-30030
In base 14, what is -11770d - 5?
-117714
In base 15, what is -6de - -d8?
-606
In base 6, what is 20 + 25003?
25023
In base 7, what is 1605 - 5152?
-3244
In base 8, what is -2620 + 17?
-2601
In base 10, what is 10370 - -1?
10371
In base 2, what is 1100011111100001 + 0?
1100011111100001
In base 15, what is 2e - 135?
-106
In base 13, what is -47 + -1cbb?
-2035
In base 10, what is 423 - 127?
296
In base 9, what is 3 - -5303?
5306
In base 15, what is 20a - 37?
1c3
In base 3, what is 2 - 10102211222?
-10102211220
In base 4, what is -1 - 3021220201?
-3021220202
In base 2, what is -1100 + 1001011000101010?
1001011000011110
In base 9, what is 0 - 434831?
-434831
In base 8, what is -4656 - -3?
-4653
In base 10, what is -96 + -19926?
-20022
In base 8, what is -120172 - 131?
-120323
In base 7, what is 2162 + -400?
1462
In base 15, what is 4448c - 13?
44479
In base 9, what is -17 - 778411?
-778428
In base 7, what is -5136 - -3?
-5133
In base 13, what is -4 + c00?
bc9
In base 11, what is -5 - -4a036?
4a031
In base 11, what is -64 + 191?
128
In base 14, what is -b1 - -88?
-27
In base 8, what is -2 - -156202?
156200
In base 16, what is -4 + -20592?
-20596
In base 16, what is -80 - 134?
-1b4
In base 6, what is -5 + 22540?
22531
In base 3, what is 101210121 - -2?
101210200
In base 5, what is 31 - -1313344?
1313430
In base 2, what is 110 + 100011011001101000?
100011011001101110
In base 2, what is -11100111101 + -11110?
-11101011011
In base 7, what is -5546 - 53?
-5632
In base 16, what is -12aff9 + 4?
-12aff5
In base 11, what is 1418 + -1a?
13a9
In base 12, what is 80 - 68?
14
In base 14, what is 547 + 2c?
575
In base 2, what is 1010101111111 + -1110?
1010101110001
In base 2, what is 10001110 + 1100101000?
1110110110
In base 11, what is -3353 - 18?
-3370
In base 3, what is 10 - 2121001012?
-2121001002
In base 9, what is 17764 + 5?
177